f 13873721?
13873721
List the prime factors of 49632125.
5, 397057
What are the prime factors of 1779102898?
2, 43, 20687243
What are the prime factors of 1765760948?
2, 7, 63062891
What are the prime factors of 465245054?
2, 232622527
List the prime factors of 2928798635.
5, 7, 71, 1178591
List the prime factors of 115872475.
5, 4634899
What are the prime factors of 5328570205?
5, 7, 401, 379663
List the prime factors of 144804387.
3, 7, 13, 131, 4049
What are the prime factors of 22166462?
2, 11083231
List the prime factors of 287699534.
2, 17, 241, 35111
List the prime factors of 33626523.
3, 7, 19, 71, 1187
List the prime factors of 3130904380.
2, 5, 29, 1433, 3767
List the prime factors of 667245648.
2, 3, 17, 19, 43037
What are the prime factors of 577067934?
2, 3, 127, 757307
List the prime factors of 7193756002.
2, 3596878001
What are the prime factors of 78698550?
2, 3, 5, 7, 241, 311
List the prime factors of 209630420.
2, 5, 19, 551659
List the prime factors of 162774288.
2, 3, 83, 13619
What are the prime factors of 49281398?
2, 24640699
List the prime factors of 60612937.
7, 11, 787181
List the prime factors of 343888573.
7, 149, 329711
What are the prime factors of 1147793902?
2, 573896951
List the prime factors of 643517919.
3, 11, 41, 43, 1229
What are the prime factors of 264031384?
2, 33003923
List the prime factors of 1104988987.
1104988987
List the prime factors of 208099109.
208099109
What are the prime factors of 231262589?
231262589
List the prime factors of 174789783.
3, 7, 83, 33427
What are the prime factors of 43500985?
5, 11, 790927
List the prime factors of 60011354.
2, 13, 211, 10939
List the prime factors of 8482429704.
2, 3, 7, 29, 109, 15973
What are the prime factors of 2460117943?
13127, 187409
What are the prime factors of 375849608?
2, 46981201
List the prime factors of 14513713.
23, 41, 15391
What are the prime factors of 38984029?
7, 19, 15427
What are the prime factors of 737654901?
3, 53, 379, 12241
List the prime factors of 92770546.
2, 11, 23, 139, 1319
What are the prime factors of 3774146021?
829, 4552649
What are the prime factors of 594995229?
3, 4423, 14947
What are the prime factors of 51957875?
5, 19, 131, 167
What are the prime factors of 2883986008?
2, 23, 79, 199, 997
What are the prime factors of 420839581?
43, 9786967
List the prime factors of 1685437682.
2, 842718841
What are the prime factors of 70575077?
2749, 25673
List the prime factors of 422446616.
2, 41, 1287947
List the prime factors of 95450545.
5, 67, 284927
What are the prime factors of 254450097?
3, 11, 2570203
What are the prime factors of 4866413587?
7, 43, 83, 27827
List the prime factors of 1631062842.
2, 3, 43, 769, 8221
List the prime factors of 104286874.
2, 17, 3067261
List the prime factors of 416805490.
2, 5, 17, 2451797
What are the prime factors of 3651394?
2, 149, 12253
What are the prime factors of 451365790?
2, 5, 1613, 27983
What are the prime factors of 480126705?
3, 5, 32008447
List the prime factors of 894805145.
5, 13, 81457
List the prime factors of 64476440.
2, 5, 7, 230273
List the prime factors of 39902206.
2, 37, 539219
What are the prime factors of 2734046382?
2, 3, 19, 43, 557741
What are the prime factors of 18268761?
3, 7, 17, 73, 701
List the prime factors of 46945501.
31, 107, 14153
What are the prime factors of 15573155?
5, 13, 239587
What are the prime factors of 726715611?
3, 29, 41, 22637
List the prime factors of 4812739139.
13, 181, 2045363
List the prime factors of 393760293.
3, 607, 216233
What are the prime factors of 1357909691?
509, 2667799
List the prime factors of 83107157.
7, 11872451
List the prime factors of 392186838.
2, 3, 17, 101, 38069
What are the prime factors of 226001895?
3, 5, 7, 2152399
What are the prime factors of 1066252498?
2, 103, 337, 15359
List the prime factors of 177728535.
3, 5, 881, 4483
List the prime factors of 329799474.
2, 3, 18322193
List the prime factors of 59540665.
5, 11908133
List the prime factors of 1174647.
3, 311, 1259
List the prime factors of 158865906.
2, 3, 26477651
What are the prime factors of 22197615?
3, 5, 11, 29, 4639
List the prime factors of 59328346.
2, 7, 11, 385249
List the prime factors of 40684900.
2, 5, 419, 971
What are the prime factors of 56335122?
2, 3, 31, 73, 461
What are the prime factors of 1100206443?
3, 7, 1747, 29989
List the prime factors of 231077038.
2, 31, 3727049
What are the prime factors of 2280553790?
2, 5, 228055379
What are the prime factors of 11599246?
2, 29, 227, 881
List the prime factors of 9149945112.
2, 3, 7, 11, 223, 2467
List the prime factors of 188797821.
3, 43, 223, 6563
What are the prime factors of 98718894?
2, 3, 47, 116689
List the prime factors of 1677779198.
2, 17, 449, 109903
List the prime factors of 461968338.
2, 3, 13, 5922671
List the prime factors of 16316036.
2, 11, 61, 6079
What are the prime factors of 109401281?
11, 59, 101, 1669
What are the prime factors of 60689999?
60689999
List the prime factors of 751474309.
991, 758299
What are the prime factors of 2177194827?
3, 3041, 238649
What are the prime factors of 5048447843?
5048447843
What are the prime factors of 345167953?
13, 47, 564923
List the prime factors of 147941439.
3, 49313813
What are the prime factors of 740252104?
2, 92531513
List the prime factors of 334996762.
2, 3677, 45553
List the prime factors of 572926719.
3, 2767, 69019
What are the prime factors of 55387829?
7, 7912547
List the prime factors of 2461851.
3, 7, 23, 1699
List the prime factors of 473796736.
2, 7, 528791
List the prime factors of 443700679.
443700679
What are the prime factors of 61405?
5, 12281
List the prime factors of 686552062.
2, 7, 103, 476111
What are the prime factors of 194380111?
194380111
List the prime factors of 475572743.
47, 10118569
What are the prime factors of 142648758?
2, 3, 7, 41, 53, 521
List the prime factors of 1010511772.
2, 252627943
List the prime factors of 189486015.
3, 5, 12632401
What are the prime factors of 79106957?
2389, 33113
List the prime factors of 81093118.
2, 2591, 15649
List the prime factors of 685424898.
2, 3, 38079161
List the prime factors of 150472668.
2, 3, 12539389
List the prime factors of 8423159771.
13, 11087, 58441
What are the prime factors of 301721214?
2, 3, 41, 89, 13781
List the prime factors of 2920516243.
109, 26793727
List the prime factors of 243751729.
13, 17, 31, 47, 757
What are the prime factors of 30017167?
71, 619, 683
What are the prime factors of 1161513535?
5, 7, 13, 2552777
List the prime factors of 90687111.
3, 37, 47, 17383
What are the prime factors of 2794869?
3, 7, 11, 37, 109
What are the prime factors of 1534673987?
7, 11, 79, 252289
List the prime factors of 39946706.
2, 311, 64223
What are the prime factors of 56687219?
37, 277, 5531
What are the prime factors of 865978524?
2, 3, 619, 38861
List the prime factors of 914580396.
2, 3, 263, 10733
List the prime factors of 483108671.
73, 1543, 4289
What are the prime factors of 534540833?
83, 1951, 3301
What are the prime factors of 137140717?
7, 17, 43, 26801
What are the prime factors of 3780324746?
2, 11, 53, 103, 31477
What are the prime factors of 411143433?
3, 137047811
What are the prime factors of 95117669?
17, 53, 229, 461
What are the prime factors of 1284540551?
7, 1753, 104681
What are the prime factors of 3886668?
2, 3, 107, 1009
What are the prime factors of 28355827?
28355827
What are the prime factors of 4530909335?
5, 7517, 120551
List the prime factors of 1612819648.
2, 11, 17, 12251
List the prime factors of 62154051.
3, 20718017
List the prime factors of 16762414.
2, 8381207
List the prime factors of 2127756879.
3, 9643, 24517
List the prime factors of 31681941.
3, 10560647
What are the prime factors of 1175245?
5, 19, 89, 139
What are the prime factors of 809646792?
2, 3, 457, 73819
What are the prime factors of 56568043?
7, 71, 113819
List the prime factors of 324155386.
2, 162077693
List the prime factors of 212917496.
2, 11, 19, 127343
What are the prime factors of 623497974?
2, 3, 11, 281, 33619
What are the prime factors of 4990384416?
2, 3, 157, 467, 709
List the prime factors of 20690002.
2, 59, 67, 2617
What are the prime factors of 23423873?
11, 2129443
List the prime factors of 132049